-14*t = -11*t - 2*b - 258. Calculate the remainder when t is divided by 19.
10
Let b be (-4)/(7 + (-90)/12). What is the remainder when 6*(b - 182/(-12)) is divided by 13?
9
Let u = 327 - 345. Calculate the remainder when 448 is divided by (-6)/u + (4 - 160/(-15)).
13
Let l(y) = -552*y - 10431. Let u(c) = c**2 + 5*c - 8. What is the remainder when l(-19) is divided by u(-7)?
3
Suppose -4*y = -y - 15. Suppose -3*w = -50 + y. What is the remainder when 86 is divided by w?
11
Calculate the remainder when (9/6)/((-78)/(-69992)) is divided by 225.
221
Let j(l) = -52*l**3 + l**2 + 3*l + 2. Suppose -4*n = 2*p + 2, -5 + 8 = -n + 2*p. Calculate the remainder when j(n) is divided by 8.
4
Let o = 24 - 0. Suppose -3*n - n = 2*b - o, 0 = 3*b - n - 22. Let c(q) = 10*q**2 - 3*q + 3. What is the remainder when c(2) is divided by b?
5
Let o(r) = -4*r**2 + 240*r - 67. Calculate the remainder when 3716 is divided by o(59).
167
Let h(v) = -v**2 - 10*v - 6. Let w(f) = 8*f**3 + 2447*f - 4889. Calculate the remainder when w(2) is divided by h(-5).
12
Suppose 1340 = 60*l + 20. Calculate the remainder when 255 is divided by l.
13
Let s be -5*(-7)/(-42) + 3/(-18). Let h = 136 - s. Suppose 3*w = 2*w + 20. Calculate the remainder when h is divided by w.
17
Suppose -4*c = 20, 9759 = 6*s - 2*s + 5*c. Calculate the remainder when s is divided by 136.
134
Suppose -7*l - 25 = -1054. What is the remainder when l is divided by 68?
11
Let k = -80 - -118. Let v = k - 25. Let p = 4087 + -4082. What is the remainder when v is divided by p?
3
Let y(q) = 53*q**2 + 5*q + 5. Let w = 45 + -48. Let l be y(w). Let f = l - 333. What is the remainder when f is divided by 34?
32
Let z = 425 + 175. Calculate the remainder when z is divided by 197.
9
Let u(t) = -t**2 - 29*t + 62. Let g be u(2). Suppose g = -o - 490 + 529. Calculate the remainder when 170 is divided by o.
14
What is the remainder when 3425 is divided by (-10 - 11)/(4*(-6)/16)?
9
Let r be 579/18 + 8/(-48). Suppose -6*f - 4*s = -8*f + 64, -f + r = s. Calculate the remainder when 179 is divided by f.
19
Let b = -21152 - -21240. Calculate the remainder when 393 is divided by b.
41
Let w be (39/(2 - -1))/((-2)/(-4)). Let l = 87 - w. Suppose 5*s + 4*x = 97, 36 = s + s + 3*x. What is the remainder when l is divided by s?
19
Suppose -9 = 3*o - 3*f, 41 - 12 = -3*o - 2*f. Let j be (-8 - o)/(2/302). Let l = j + 212. Calculate the remainder when l is divided by 11.
6
Suppose 10*f - 5*f - 623 = 2*g, -5*f = 4*g + 1261. Let w = -273 - g. Calculate the remainder when 368 is divided by w.
40
Suppose 177*b - 3096 = 5*b. What is the remainder when 294 is divided by b?
6
Suppose 0 = 3*j + 2*q - 52, 4*j - 5*q - 51 = 26. Let y = -24 + j. Calculate the remainder when (3 + 24)/((-9)/y) is divided by 5.
3
Let i be (-78)/26*(-2)/3. Suppose i*x + 113 = 419. What is the remainder when x is divided by 12?
9
Suppose -z - 7 + 5 = y, -z = -2*y + 11. Suppose 5*k - k - 5*s - 83 = 0, 0 = k - y*s - 19. Calculate the remainder when 48 is divided by k.
4
Suppose m + 5*p + 13 = -8, 4*m + 4*p = -4. Suppose 7*n = m*n + 36. Let d(f) = 2*f + 5. What is the remainder when d(n) is divided by 15?
14
Suppose 0 = -21*l + 24*l - 180. Calculate the remainder when l/(-8)*2/(-3 - -2) is divided by 10.
5
Let b(q) = 5*q**2 + 366*q + 2494. What is the remainder when b(-7) is divided by 111?
66
Let z(d) = -d**3 - 10*d**2 - 16*d + 5. Let j be ((-4)/(8/6))/(6/16). What is the remainder when 173 is divided by z(j)?
3
Let c = 1796 - 1137. Suppose -2656 - c = -15*p. Calculate the remainder when p is divided by 32.
29
Suppose -4*j - 4*n = -3*j - 14, 0 = 5*j - 4*n + 26. Calculate the remainder when 443 is divided by (j/5)/(56/(-1680)).
11
Calculate the remainder when 565 is divided by ((-251)/(-753))/((-2)/(-426)).
68
Let b = -11588 + 11699. Calculate the remainder when 2544 is divided by b.
102
Calculate the remainder when 4552 is divided by 10 - (5 + 3)*-1.
16
Let d be 3351/9 + (-2)/6. Suppose -83 = 5*a + d. Let p = 152 + a. Calculate the remainder when p is divided by 11.
6
Suppose -7*n - 1794 = -10*n. Let i = -41 + n. What is the remainder when i is divided by 14?
11
Let h(k) = 0 + 6 - 9*k - 10 + 6. Suppose -3*q = 3*o - 156, -104 - 136 = -5*q - o. Calculate the remainder when h(-20) is divided by q.
41
What is the remainder when 3/36 - 3030148/(-528) is divided by 169?
162
Let n(d) = d**3 - 4*d**2 - 14*d + 15. Let b be n(6). Suppose -24 = -b*j - 0*j. Calculate the remainder when 46 is divided by j.
6
What is the remainder when (1700/150)/((-1)/(-102)*(2 - -2)) is divided by 94?
7
Let y be (0 - 1) + 4 + 22 + -5. Suppose -c = y + 380. What is the remainder when 127 is divided by ((-4)/(-10))/(1195/c - -3)?
31
Suppose 33*p = 36*p + 3*y - 972, -966 = -3*p + 3*y. What is the remainder when p is divided by 10?
3
Suppose 28*v = -88 + 158 + 266. Suppose 2*a + a - 714 = 0. Suppose j + a = 3*j. Calculate the remainder when j is divided by v.
11
Suppose 471*z + 7318 = 476*z - 3*t, 0 = -5*t + 20. What is the remainder when z is divided by 122?
2
Suppose 0*j - j = -34. Let i be -2*(1 + 1)/(8/j). Let d = i - -24. Calculate the remainder when 32 is divided by d.
4
Let u(f) = -19*f + 126. Let t be u(7). Calculate the remainder when 1 - t/(-3) - (-22750)/30 is divided by 11.
9
Suppose 4*r - r = 30. Let v be (r - 12)/(4/(-30)). Calculate the remainder when 11 is divided by 6/(-18) + 125/v.
3
Let z(s) = -39*s - 795. Calculate the remainder when 1511 is divided by z(-21).
23
Suppose 2*b = -13 - 11. What is the remainder when 11 is divided by 39/9 + (-9)/((-81)/b)?
2
Suppose 86*v - 5*x = 91*v - 45, -4*x - 44 = -4*v. Suppose -4*m + 433 = 1. What is the remainder when m is divided by v?
8
What is the remainder when 915 is divided by (-749)/(-35) - (-91)/35?
3
Suppose 3*x + 222 = 228. Suppose x*y + 2*m - 220 - 84 = 0, 784 = 5*y - 3*m. Calculate the remainder when y is divided by 23.
17
Suppose -55 + 191 = 8*g. Suppose g*m - 8*m = 8676. What is the remainder when m is divided by 69?
67
Let i be (5 + 3)/(-9 + 11). Let q = 8 + 28. Suppose i*g + 0 + q = 4*f, -4*f + g + 21 = 0. Calculate the remainder when 6 is divided by f.
2
Let a = -111 - -28. Let n = a + 44. Calculate the remainder when (-4 + n/(-9))*171 is divided by 30.
27
Let k be (210/(-4))/(-5 - (-407)/88). Suppose -10*x + k = -0*x. Calculate the remainder when 3/(-7) - (-538)/14 is divided by x.
10
Let q = -12599 - -12682. Calculate the remainder when q is divided by 29.
25
Suppose -2*n - 106 = 2*b - 3*b, 4*n + 212 = 3*b. What is the remainder when (1 + n/(-2))*(-260)/(-25) is divided by 41?
40
Let t = 6 - -45. Suppose f - t - 15 = 0. Let g(b) = -b**3 - 21*b**2 - 18*b + 63. What is the remainder when f is divided by g(-20)?
20
Suppose 2*x + 65 = 73. Suppose 0 = 4*k - i + 3*i - 54, -x*i = -5*k + 74. What is the remainder when 22 is divided by k?
8
Let l(h) = 2*h + 7. Let d = 239 + -127. Calculate the remainder when d is divided by l(1).
4
Let g be -8 + (-20)/(-3) - 384/9. Calculate the remainder when 129 is divided by 6/8*11/(g/(-144)).
21
Let l be 2*51/(-4)*2 + 0. Let p = l + 57. Suppose -11 - p = -s. What is the remainder when 31 is divided by s?
14
Suppose -5*c - 4*x = 33 - 27, 2*c + 3*x + 8 = 0. Calculate the remainder when 324 is divided by c.
0
Let d = -11 + 25. Let x = 73 - 68. Suppose -v + 4 = o, x*o = -v - v - 4. Calculate the remainder when d is divided by v.
6
Let x = 10 + -8. Suppose -12 = -x*l + 6*l. Calculate the remainder when 31 is divided by (24/36 + (-1)/l)*7.
3
Let b(m) = -m - 6. Let j be b(4). Let g be (4/j)/(2/60*2). What is the remainder when 4 is divided by (1/2)/(g/(-36))?
1
Let q be 78/5 - 22/(-55). Calculate the remainder when 2/(q/(-12))*-11*14 is divided by 26.
23
Suppose -5*z = 2*f + 21 - 663, -2*f - 382 = -3*z. Suppose 0 = -4*t + 417*d - 415*d + 246, -2*t - 2*d = -150. What is the remainder when z is divided by t?
62
Suppose 5*h - 258 = -23. Let n = -18008 - -18041. What is the remainder when h is divided by n?
14
Suppose -2*j = -f + 20, f + 3*j + 18 - 48 = 0. Let d = -203 + 230. What is the remainder when f is divided by 0 + (-2)/((-6)/d)?
6
Let f(u) = 14*u - 150. Let b be f(5). Let r = 96 + b. Suppose 25 = 4*o - 15. Calculate the remainder when r is divided by o.
6
Let j(p) = -p**3 - 15*p**2 - 22*p + 50. Let b be j(-13